nd w.
48
Suppose -331*o - j - 6 = -332*o, 0 = 3*o + 2*j - 48. What is the greatest common divisor of 580 and o?
4
Suppose 43*q = 58*q - 1005. Let n be 4/16 - (-534)/8. What is the greatest common divisor of n and q?
67
Let f be 2779 - 54/(-4 + -2). What is the highest common divisor of f and 123?
41
Let m = -5 + 2. Let y be (-12)/(m/1) - -11 - 2. Let s = 176 - 59. Calculate the highest common factor of s and y.
13
Suppose 22*k - 18*k + 12 = 0. Let h = 9 - k. What is the greatest common factor of 96 and h?
12
Let y be 794/(-3) + 22/33. Let k = 272 + y. Calculate the greatest common divisor of 112 and k.
8
Let b be (-3)/81*(2 - 193) + (-14)/189. Let r(l) = -l**3 + 6*l**2 - 4. Let u be r(4). Calculate the highest common factor of b and u.
7
Suppose 143 = n + p + p, 5*p + 598 = 4*n. Let w be (-4)/(-3) + 2976/36. What is the greatest common factor of w and n?
21
Let k(f) = 2*f**3 - f**2 - 12*f - 14. Let q be k(6). Suppose 3*i + 4*z - 240 = z, 4*i - z = q. Let l = i - 72. What is the greatest common divisor of l and 18?
6
Let a be -6 + 4/(-10) + 63/45. Let t = 10 + a. Suppose 2*p + 3*k - 78 = 0, -2*p + 115 = p + t*k. Calculate the greatest common factor of 60 and p.
15
Suppose -3*n - 147 = 7*v - 11*v, 2*v = 2*n + 74. Suppose -2898 = -v*u + 27*u. What is the greatest common divisor of 14 and u?
14
Let p be 60/14*(-406)/(-174). Let x = 31 - 21. Suppose -x*z = -12*z + p. Calculate the highest common divisor of z and 35.
5
Let o(n) = 538*n**2 - 368*n - 1440. Let p be o(-4). What is the highest common divisor of 27 and p?
27
Let v(p) = -8*p**2 - 4*p - 3. Let b be v(-2). Let o = 43 + b. Suppose 113*n = -x + 111*n + 2, -2*x - n = -49. Calculate the highest common divisor of x and o.
16
Let f(c) = 5*c**2 + c - 1. Let x be f(-1). Suppose -x*p - 42 + 210 = 0. Let j be 1/3 + p/3. What is the highest common factor of 19 and j?
19
Let c(q) = 22*q**2 - 156*q - 630. Let a be c(10). Suppose -4*j + 2828 = -2172. Calculate the highest common divisor of a and j.
10
Let b(h) = -h**3 - 8*h**2 - 2*h - 28. Let z be b(-9). Let m = z + -41. What is the greatest common factor of m and 12?
6
Suppose 44*u = 39*u + 2*f + 78, 0 = -4*u + 5*f + 93. What is the highest common divisor of u and 246?
6
Let d(w) = 9*w**2 + 21*w + 20. Let r be d(-1). Let g be 1030/15 + 1 - r/(-24). What is the greatest common factor of 200 and g?
10
Suppose 170 = 2*t - 2*z, 259 = 3*t - 5*z - 6. Calculate the highest common divisor of t and 1536.
16
Let z be ((-2912)/(-624))/(1/3). Calculate the greatest common divisor of z and 742.
14
Let w = 47 - 41. Let g be 0 + -1 - w*(-99)/27. Let q be 7/((26/(-48))/(-13)). What is the highest common factor of q and g?
21
Suppose -1526625 = -78*z - 536154 + 880593. What is the highest common divisor of z and 12?
12
Let c be 27/2*(-4 + 30/5). Let q be -5 + (-123)/(-27) + 20370/c. What is the highest common divisor of q and 26?
26
Let s(r) = -148*r - 1262. Let q be s(-9). What is the highest common divisor of q and 2835?
35
Let b(x) = x**3 + 49*x**2 + 51*x + 140. Let r be b(-48). Let a be (1 - -20)/(-7) - r. What is the greatest common factor of 81 and a?
1
Let u(t) = 14*t + 6. Let x be u(-3). Let g = x + 49. Suppose 5*i + 23 = 3*f + 76, -i + 3*f = -g. What is the highest common factor of i and 5?
5
Let t(n) = 125*n**3 - 16*n + 17. Let p be t(1). Suppose 2*s = -2*s + 56. Calculate the greatest common factor of p and s.
14
Suppose -29587 = -12*t - 6907. What is the highest common divisor of 180 and t?
90
Let d(f) be the second derivative of -11*f**3/3 - 42*f**2 - 272*f. Let g be d(-9). Calculate the highest common divisor of 6 and g.
6
Let i = -1869 + 2005. What is the greatest common factor of i and 8296?
136
Let b(j) = 8*j + 191. Let o be b(-11). Calculate the greatest common divisor of 1751 and o.
103
Let n(m) = -m + 123. Let l(v) = -2*v + 126. Let x(p) = -6*l(p) + 5*n(p). Let o be x(22). Calculate the highest common divisor of o and 351.
13
Suppose -8*j = -837 - 283. Suppose -j = -2*m + 4*z + 224, -3*m = -4*z - 554. Calculate the greatest common factor of m and 95.
95
Let i = 133 + -131. Suppose 0 = -i*w - 2*w + 5*g + 4677, 3*g - 4701 = -4*w. Suppose 9*j - w = 177. Calculate the greatest common factor of 15 and j.
15
Suppose 2*h + 40 = 136. What is the highest common factor of 63 and h?
3
Let m = -491 - -551. What is the greatest common divisor of m and 345?
15
Let j(d) = 10*d**2 + 3*d - 2. Let q be j(1). Let h = 353 + -346. Suppose -q = h*m - 67. What is the highest common factor of m and 128?
8
Let f be -7*(-62)/42 - (-12)/18. What is the highest common factor of f and 2101?
11
Suppose 2*r = -2*s + 233 - 49, 0 = 5*s + 10. What is the highest common divisor of r and 5452?
94
Let q(i) = 200*i + 2520. Let z be q(-11). What is the highest common divisor of z and 1440?
160
Let b be (((-9)/15)/((-264)/176))/((-1)/(-70)). Suppose 0 = 5*m, 0 = -i - 3*m - 9 + 149. What is the highest common factor of i and b?
28
Suppose -32*w = -36*w + 20. Suppose -5*n - 602 = -2*s, -2*s + 9*n + 600 = w*n. What is the greatest common divisor of s and 37?
37
Suppose -5*o + 3*d = -664, 536 = 8*o - 4*o - 4*d. Let p be o - (-3 + (5 - 6)). What is the highest common divisor of 30 and p?
15
Suppose -4*q = 0, -3*b - 2742 = 2*q - q. Let r = b - -1005. Calculate the greatest common divisor of 7 and r.
7
Let h(v) = -v**3 - 7*v**2 - 11*v - 16. Let b be h(-7). Let y = 121 - b. What is the highest common divisor of y and 420?
60
Suppose 5*w + 20 = 0, -3*q + q + 44 = -2*w. Calculate the highest common factor of 10242 and q.
18
Let y(b) = 14*b + 45. Let i(n) = 43*n + 134. Let s(c) = 2*i(c) - 7*y(c). Let v be s(-4). Calculate the highest common factor of 1 and v.
1
Let h = -451 + 2230. Suppose 12*g - h - 1029 = 0. Calculate the greatest common factor of g and 156.
78
Suppose -6*b - 5591 + 3431 = -15*b. What is the greatest common factor of b and 390?
30
Let l(b) = -10*b + b**2 + 15 - b + 3*b. Suppose 12*y = -0*y + 84. Let f be l(y). What is the greatest common factor of 16 and f?
8
Let x = -28 + 158. Let y = x - 113. What is the greatest common divisor of y and 731?
17
Let x = 55 + 114. Let u be (13/(-2))/((-121)/198 + 2/18). Calculate the highest common factor of u and x.
13
Suppose 16*s - 48 = 8*s. Suppose 0 = s*q - 596 + 74. What is the greatest common factor of q and 145?
29
Let i = -249 - -404. Suppose -5*x = 5*b - i, 2*x + 0 = 2. Let p = -449 - -524. Calculate the highest common divisor of p and b.
15
Suppose -2*a - 547 = -2*j - 113, j = -5*a + 247. What is the greatest common divisor of j and 10878?
222
Suppose c + 4*c = 2*m - 6, -4*c = 0. Suppose m*g = -7 + 94. What is the greatest common factor of g and 203?
29
Suppose -t - q = -5*t + 109, -47 = -2*t - q. Suppose 0 = -5*i + 4*h + 155, t*h + 155 = 5*i + 31*h. What is the highest common factor of 1 and i?
1
Let o = 15926 - 13807. Calculate the greatest common divisor of 815 and o.
163
Suppose 99 = 40*z - 43*z. Let h = z - -37. Suppose h*l - 81 = 59. What is the greatest common factor of l and 14?
7
Let d = 442 + -334. Suppose -312*v + 318*v = d. What is the highest common factor of v and 288?
18
Suppose 0 = 5*p - k - 5, k = 4*p + 6*k - 33. Let b(f) = p + 0*f + 1 + 12*f**2 + 11*f**2 - 4*f. Let w be b(3). Calculate the highest common factor of 22 and w.
22
Let v(y) = -256*y**3 - 2*y**2 - 21*y - 21. Let b be v(-1). What is the highest common factor of 3429 and b?
127
Suppose 7*w = 11*w - 936. Let m = w - 171. Calculate the highest common factor of 45 and m.
9
Let i(k) = -4 + 8*k + 10*k**2 + 3*k**2 - 3*k**2 + k**3. Let s be i(-9). What is the greatest common factor of 25 and s?
5
Let j be (-2 + 3)*(624 + 1). Let c(t) = -59*t - 2959. Let a be c(-51). What is the greatest common factor of j and a?
25
Let u(m) = m**2 - 15*m - 427. Let y be u(-98). Calculate the greatest common factor of y and 189.
63
Let j be (-66)/11 + 23 + -14. Calculate the highest common factor of j and 48.
3
Let i(f) = f**3 + 8*f**2 - f - 3. Let v be i(-8). Suppose 14*x - 13*x - 327 = -2*d, -4*d = -v*x - 675. What is the greatest common divisor of d and 30?
15
Let b = -41696 + 44368. What is the greatest common divisor of 208 and b?
16
Let q = -36208 + 48429. Calculate the highest common factor of q and 101.
101
Let l(n) = -58*n + 5035. Let y be l(85). Calculate the highest com